{"id":15508,"date":"2016-11-18T05:20:49","date_gmt":"2016-11-18T05:20:49","guid":{"rendered":"http:\/\/establecimientomic.com.ar\/site\/?page_id=15508"},"modified":"2024-07-11T17:02:12","modified_gmt":"2024-07-11T17:02:12","slug":"la-empresa","status":"publish","type":"page","link":"https:\/\/establecimientomic.com.ar\/site\/la-empresa\/","title":{"rendered":"LA EMPRESA"},"content":{"rendered":"<p>[vc_row row_type=\u00bbrow\u00bb use_row_as_full_screen_section=\u00bbno\u00bb type=\u00bbfull_width\u00bb angled_section=\u00bbno\u00bb text_align=\u00bbleft\u00bb background_image_as_pattern=\u00bbwithout_pattern\u00bb css_animation=\u00bb\u00bb][vc_column width=\u00bb1\/2&#8243;][vc_separator type=\u00bbnormal\u00bb][vc_column_text]Inicia su actividad en el a\u00f1o\u00a0 en el a\u00f1o 1955 quien monta su primer taller de repuestos en la calle Balcarce 1290 de Rosario. La calidad en los trabajos, la vocaci\u00f3n de servicio y la renovaci\u00f3n tecnol\u00f3gica hicieron crecer en poco tiempo la demanda de trabajo, por lo que la incipiente empresa pronto debi\u00f3 mudarse a Constituci\u00f3n 2465.<\/p>\n<p>Respondiendo a los requerimientos de sus clientes, el fundador no solo avanz\u00f3 en la fabricaci\u00f3n de acoplados y semirremolques en todas sus versiones, sino que adem\u00e1s desarroll\u00f3 el servicio de reparaciones, colocaci\u00f3n del tercer eje neum\u00e1tico, alargue de chasis, entre otros. Surge as\u00ed la f\u00e1brica, talleres y administraci\u00f3n en su predio propio de Ocampo 3656 para complacer los requerimientos de los clientes con prontitud, eficiencia y calidad.<\/p>\n<p>Actualmente la empresa se ubica en <a href=\"https:\/\/www.google.com\/maps\/place\/MIC+REMOLQUES\/@-33.0884949,-60.6254306,15z\/data=!4m6!3m5!1s0x95b7adc42f61a935:0xc766a099ac1e6207!8m2!3d-33.0884949!4d-60.6254306!16s%2Fg%2F11vz6q7v6b?entry=ttu\" target=\"_blank\" rel=\"noreferrer noopener\">Autopista Rosario-Buenos Aires &#8211; Cruce con A012, S2126 Alvear, Santa Fe, Argentina<\/a>; a 15 minutos de Rosario, con mayor espacio de infraestructura, en permanente crecimiento y con personal de trabajo id\u00f3neo, responsable y eficiente. Abocada exclusivamente a la fabricaci\u00f3n de acoplados 4 ejes y semirremolques escalables.<\/p>\n<p><strong>NUESTRA MISI\u00d3N<\/strong><br \/>\nOrientar nuestros recursos humanos y tecnol\u00f3gicos para brindar a nuestros clientes una soluci\u00f3n acorde a las medidas de sus necesidades.<\/p>\n<p><strong>NUESTRA VISI\u00d3N<\/strong><br \/>\nCrecer y afianzarnos en el mercado. Representar la mejor opci\u00f3n para nuestros clientes.<\/p>\n<p><strong>NUESTROS VALORES<\/strong><br \/>\n\u2022 Compromiso con el cliente<br \/>\n\u2022 Innovaci\u00f3n tecnol\u00f3gica para solucionar todos los problemas<br \/>\n\u2022 Confiabilidad<br \/>\n\u2022 Versatilidad<br \/>\n[\/vc_column_text][vc_empty_space][vc_single_image image=\u00bb16119&#8243; img_size=\u00bblarge\u00bb qode_css_animation=\u00bb\u00bb][vc_empty_space][vc_single_image image=\u00bb16112&#8243; img_size=\u00bblarge\u00bb alignment=\u00bbcenter\u00bb qode_css_animation=\u00bb\u00bb][\/vc_column][vc_column width=\u00bb1\/2&#8243;][vc_separator type=\u00bbnormal\u00bb][vc_single_image image=\u00bb16108&#8243; img_size=\u00bblarge\u00bb alignment=\u00bbcenter\u00bb qode_css_animation=\u00bb\u00bb][vc_empty_space height=\u00bb30px\u00bb][vc_empty_space height=\u00bb30px\u00bb][vc_single_image image=\u00bb16109&#8243; img_size=\u00bblarge\u00bb alignment=\u00bbcenter\u00bb qode_css_animation=\u00bb\u00bb][vc_empty_space][vc_single_image image=\u00bb16110&#8243; img_size=\u00bblarge\u00bb alignment=\u00bbcenter\u00bb qode_css_animation=\u00bb\u00bb][vc_empty_space height=\u00bb30px\u00bb][vc_single_image image=\u00bb16111&#8243; img_size=\u00bblarge\u00bb alignment=\u00bbcenter\u00bb qode_css_animation=\u00bb\u00bb][vc_empty_space height=\u00bb30px\u00bb][vc_separator type=\u00bbnormal\u00bb][\/vc_column][\/vc_row][vc_row row_type=\u00bbrow\u00bb use_row_as_full_screen_section=\u00bbno\u00bb type=\u00bbfull_width\u00bb angled_section=\u00bbno\u00bb text_align=\u00bbleft\u00bb background_image_as_pattern=\u00bbwithout_pattern\u00bb css_animation=\u00bb\u00bb][vc_column][vc_separator type=\u00bbnormal\u00bb][\/vc_column][\/vc_row]<\/p>\n<style>\/*! elementor - v3.22.0 - 26-06-2024 *\/<br \/>\n.elementor-widget-google_maps .elementor-widget-container{overflow:hidden}.elementor-widget-google_maps .elementor-custom-embed{line-height:0}.elementor-widget-google_maps iframe{height:300px}<\/style>\n<style>\/*! elementor - v3.22.0 - 26-06-2024 *\/<br \/>\n.elementor-heading-title{padding:0;margin:0;line-height:1}.elementor-widget-heading .elementor-heading-title[class*=elementor-size-]>a{color:inherit;font-size:inherit;line-height:inherit}.elementor-widget-heading .elementor-heading-title.elementor-size-small{font-size:15px}.elementor-widget-heading .elementor-heading-title.elementor-size-medium{font-size:19px}.elementor-widget-heading .elementor-heading-title.elementor-size-large{font-size:29px}.elementor-widget-heading .elementor-heading-title.elementor-size-xl{font-size:39px}.elementor-widget-heading .elementor-heading-title.elementor-size-xxl{font-size:59px}<\/style>\n","protected":false},"excerpt":{"rendered":"<p>[vc_row row_type=\u00bbrow\u00bb use_row_as_full_screen_section=\u00bbno\u00bb type=\u00bbfull_width\u00bb angled_section=\u00bbno\u00bb text_align=\u00bbleft\u00bb background_image_as_pattern=\u00bbwithout_pattern\u00bb css_animation=\u00bb\u00bb][vc_column width=\u00bb1\/2&#8243;][vc_separator type=\u00bbnormal\u00bb][vc_column_text]Inicia su actividad en el a\u00f1o\u00a0 en el a\u00f1o 1955 quien monta su primer taller de repuestos en la calle Balcarce 1290 de Rosario. La calidad en los trabajos, la vocaci\u00f3n de servicio y la renovaci\u00f3n&#8230;<\/p>\n","protected":false},"author":1,"featured_media":0,"parent":0,"menu_order":0,"comment_status":"closed","ping_status":"closed","template":"","meta":{"_joinchat":[],"footnotes":""},"_links":{"self":[{"href":"https:\/\/establecimientomic.com.ar\/site\/wp-json\/wp\/v2\/pages\/15508"}],"collection":[{"href":"https:\/\/establecimientomic.com.ar\/site\/wp-json\/wp\/v2\/pages"}],"about":[{"href":"https:\/\/establecimientomic.com.ar\/site\/wp-json\/wp\/v2\/types\/page"}],"author":[{"embeddable":true,"href":"https:\/\/establecimientomic.com.ar\/site\/wp-json\/wp\/v2\/users\/1"}],"replies":[{"embeddable":true,"href":"https:\/\/establecimientomic.com.ar\/site\/wp-json\/wp\/v2\/comments?post=15508"}],"version-history":[{"count":38,"href":"https:\/\/establecimientomic.com.ar\/site\/wp-json\/wp\/v2\/pages\/15508\/revisions"}],"predecessor-version":[{"id":16415,"href":"https:\/\/establecimientomic.com.ar\/site\/wp-json\/wp\/v2\/pages\/15508\/revisions\/16415"}],"wp:attachment":[{"href":"https:\/\/establecimientomic.com.ar\/site\/wp-json\/wp\/v2\/media?parent=15508"}],"curies":[{"name":"wp","href":"https:\/\/api.w.org\/{rel}","templated":true}]}}